p(-6) is divided by 78?
48
Let u = 241 + -58. What is the remainder when u is divided by (-61 - (-1 + 2))/(-2)?
28
Let z(u) = u**2 - 16*u - 58. Let i(o) = -3*o**3 - 7*o**2 + 2. Let j be i(-3). Let x = 91 - 51. What is the remainder when x is divided by z(j)?
18
Let b(v) = 2*v**2 - 2 + 0*v**2 + 0*v**2 - 10*v - 3*v**2. Let j = -2860 - -2887. Calculate the remainder when j is divided by b(-9).
6
Suppose 21*h - 105 = -3*t + 23*h, -t - 4*h + 21 = 0. Calculate the remainder when 77 is divided by t.
11
Let b(c) = 2*c**2 - 8*c - 57. Let q be b(-5). Suppose -167 = -8*a + q. What is the remainder when 48 is divided by a?
23
Let o(u) = 6*u + 92. Let k be o(-15). Suppose -k*m = 4*d - 0*m - 252, d + m = 65. What is the remainder when 135 is divided by d?
13
Let d(z) = -z**2 - 24*z - 7. Let f be d(-13). Let g = 173 - f. What is the remainder when g is divided by 13?
11
Suppose -1424*m + 84 = 4*i - 1428*m, 5*m = 25. Calculate the remainder when 9561 is divided by i.
19
Suppose -13*t + 2*t + 55 = 0. Calculate the remainder when 104 is divided by t.
4
Suppose -3*o - 188 = -z, -2*o + 4*o + 187 = z. Suppose k = -c + 9, 5*k - 33*c = -36*c + 49. What is the remainder when z is divided by k?
9
Let x be 3*92/(-12)*-1. Let c = 28 - x. Let a(u) = -u**2 - 12*u - 24. Calculate the remainder when a(-8) is divided by c.
3
Let c be 2 + -9 + 20 - -5. Suppose c*k = 59*k - 410. Calculate the remainder when k is divided by 5.
0
Let s = 89 - 67. Suppose 3*o - 5 = 1. Suppose -5*i - 10 = -3*p, o*p - 3*i + 3 = 10. What is the remainder when s is divided by p?
2
Let o(w) be the third derivative of w**6/120 - 5*w**4/24 + 5*w**3/6 - 45*w**2. What is the remainder when 149 is divided by o(3)?
13
Let c(n) = 5*n**2 + 13*n + 6. Let z(p) = -4*p**2 - 11*p - 7. Let t(w) = 5*c(w) + 6*z(w). Calculate the remainder when 31 is divided by t(-5).
13
Suppose -190*y + 56*y + 6016 = 54*y. Let m = -180 - -321. Let q = m + -79. Calculate the remainder when q is divided by y.
30
Suppose 13*k - 2093 - 1197 = 6*k. Calculate the remainder when k is divided by 5.
0
Let t = -4067 + 12309. Calculate the remainder when t is divided by 97.
94
Let y = -70 - -80. Let r = -135 - -208. Let s = r - 67. Calculate the remainder when y is divided by s.
4
Let i(t) = 13*t - 38. Let o be i(3). What is the remainder when (2 - (5 - o)) + (112 - -4) is divided by 24?
18
Let o = 8349 + -6001. Calculate the remainder when o is divided by 147.
143
Let u = -4058 - -4222. Calculate the remainder when u is divided by 30.
14
Suppose 22*r - 52*r = 35*r - 119470. Calculate the remainder when r is divided by 48.
14
Suppose 5*p + 4*i - 109 = 0, 4*p - 105 + 20 = -i. What is the remainder when p is divided by (0/2)/(-1) + 26/2?
8
Let i = 7322 + -3758. Calculate the remainder when i is divided by 87.
84
Let h = 20 - 36. Let m(j) = 3*j + 12. Calculate the remainder when m(6) is divided by (-1)/((-1)/h*-2).
6
Let l = 709 + -1561. Let g = 868 + l. What is the remainder when 42 is divided by g?
10
Let m = 154 + -127. Let w = -15 + 31. Let h = m - w. Calculate the remainder when 18 is divided by h.
7
Let w(d) be the first derivative of -d**4/2 - 16*d**3/3 - 7*d**2/2 - 19*d + 114. Calculate the remainder when w(-8) is divided by 19.
18
Let x(v) = v**2 + 178*v - 986. Let p = 22 + -10. Calculate the remainder when x(-184) is divided by p.
10
Let d = -9450 - -10547. What is the remainder when d is divided by 10?
7
Let c(l) = -l**3 - 20*l**2 - 51*l + 2. Let f be c(-17). Suppose -2*r + 218 = f*m + m, -5*m = -2*r + 234. Calculate the remainder when r is divided by 38.
36
Let f(b) = -2*b**2 + 29*b + 11. Suppose 0 = -12*j + 422 + 1654. What is the remainder when j is divided by f(14)?
23
Suppose 2*f = -45 + 47. What is the remainder when 356 is divided by (-3 - -54)*(f + 8/(-12))?
16
Suppose -438 = -11*p + 453. Suppose -s - 126 = -4*s. What is the remainder when p is divided by s*-2*3/(-18)?
11
Let l(g) be the second derivative of 2*g**3/3 - 75*g**2/2 - 32*g + 2. What is the remainder when 164 is divided by l(24)?
17
Suppose -3*y + y + 3*g = -273, 2*y = 5*g + 263. Let d = -69 + y. Calculate the remainder when d is divided by 6.
3
Let m be (-25)/2*((-52)/(-5) + -4). What is the remainder when (-20)/6*(-8)/m*-306 is divided by 21?
18
Let q(z) = 496*z + 6469. What is the remainder when 365 is divided by q(-13)?
8
Let x = 29 + -21. Let o(p) be the third derivative of -p**6/120 + p**5/6 - 7*p**4/12 + 4*p**3/3 + p**2 - 43*p. What is the remainder when o(x) is divided by 9?
6
Suppose 3*d - 12*d = 11*d. Suppose d*u = -3*k - 5*u + 40, k - 18 = -4*u. Calculate the remainder when 27 is divided by k.
7
Let x(f) = 5*f + 2. Let a be x(2). Suppose -z + 19 - 3 = -2*n, 5*n = -4*z + a. What is the remainder when (414/(-30))/(10/(-50)) is divided by z?
5
Let q be (12*7/28)/(1*-3). Let c be (-2 - 0 - q)*-5. Let h(k) = 5*k**2. What is the remainder when h(c) is divided by 32?
29
Suppose -15*g = 12*g + 3348. Let c = 167 + g. Calculate the remainder when c is divided by 15.
13
Suppose 0 = 10*l - 139 - 301. Let f be (-16 - 1) + (9 - 10). Let s = l + f. Calculate the remainder when s is divided by 7.
5
Let x be 1 + 7/(21/75). Suppose -3*p + x + 7 = 0. Suppose 10 = -5*u + 20. Calculate the remainder when p is divided by u.
1
Suppose -4*v = 2*m - 3*m + 167, 4*v + 165 = 3*m. Calculate the remainder when 7/(v/12) + 50 + 4 is divided by 29.
23
Let l(k) = -2*k**2 + 5*k + 86. Calculate the remainder when 745 is divided by l(7).
9
Let r = -26 - -26. Suppose -4*h - 5*u - 2 + 1 = r, -2*h + 5*u = -7. Let c(a) = 8*a**2 - 1. Calculate the remainder when 19 is divided by c(h).
5
Suppose -18 = -5*d - 3. What is the remainder when 187 is divided by (56/24*d)/((-2)/(-6))?
19
Let c = 82794 - 82779. Let s = -142 + 278. What is the remainder when s is divided by c?
1
Let s(d) = 64*d**2 - d. Let i = 57 + -55. Let t be s(i). Suppose 3*p + 8 - t = 0. What is the remainder when p is divided by 21?
19
Suppose 40*c - 43*c + 30 = 0. Let k(p) = 39*p - 5. Let h be k(5). Calculate the remainder when h/(-15)*3/(-2) is divided by c.
9
Suppose -5*k + 2*h + 258 = 4*h, -2*k + 80 = -5*h. Calculate the remainder when k is divided by (6 + -7)/(-6 - (-95)/16).
2
Calculate the remainder when 779 is divided by ((-78)/(-9))/((-26)/(-195)).
64
Suppose 0 = -18*b + 72. Suppose 3*s - 12 = b*d, -2*d + 2 = s - 4*d. Suppose 2*y = -14 + 70. What is the remainder when y is divided by s?
4
Let v = 16497 - 16226. What is the remainder when v is divided by 70?
61
What is the remainder when (-21)/(-4) + (-42)/(-56) - (0 - 272) is divided by 88?
14
Suppose -93 = 3*k - 114. Suppose 3271 - 828 = k*y. What is the remainder when y is divided by 25?
24
Let i = -1197 - -1233. Calculate the remainder when i is divided by 19.
17
Suppose 3*x - 49 = -z, 0 = 1356*x - 1355*x - 4*z + 14. Calculate the remainder when 227 is divided by x.
3
Suppose -177 + 47 = 13*m. Let f = m + 39. Suppose -3*w - 10 = -5*a, -3*a = -5*a - 2*w + 20. Calculate the remainder when f is divided by a.
4
Let o = 3435 - 3309. What is the remainder when o is divided by 31?
2
Let s(v) = -10*v - 1. Let n(m) = 70*m + 1067. What is the remainder when n(-14) is divided by s(-1)?
6
Let h(r) = 10*r**3 - 2*r**2 - 32*r + 16. Calculate the remainder when h(6) is divided by 52.
40
Suppose -3*z - 3*t = -51, 2*z - 3*t - 39 = -z. Let n(i) = i**2 - 5*i - 478. Calculate the remainder when n(31) is divided by z.
13
Let u(l) = l**3 + 8*l**2 + 9*l + 16. Let b be (72/48)/(-2*(-3)/(-28)). Let j(i) = -i**2 + 9*i - 3. What is the remainder when j(7) is divided by u(b)?
1
Suppose -2*p = 2*o - 8, 3*o = 5*p + 2*o - 8. Suppose -6 = p*w - 12. What is the remainder when 6 is divided by w?
0
Let o be (1 - 0)*(21 - 21). Suppose o = 14*v + 6*v - 580. What is the remainder when v is divided by 10?
9
Suppose 3*y = 12, -134*y + 137*y = -2*i + 82. What is the remainder when 341 is divided by i?
26
Let n = 29 + 29. Suppose -2*u - 38 = u + d, 0 = 5*u + 3*d + n. Calculate the remainder when 35 is divided by (-935)/(-77) + 2/u.
11
Let t(i) = 7*i**2 + 2*i - 253. Calculate the remainder when t(14) is divided by 18.
13
Suppose 0 = 16*w - 3*w - 3263. Suppose -w = -18*t + 451. What is the remainder when 150 is divided by t?
33
Suppose 1496*y - 1515*y = -45695. What is the remainder when y is divided by 800?
5
S